t u = s + v. What is the units digit of u?
1
Let w(o) = 4*o + 20. Let y be w(-4). Suppose 10*c - y*c - 114 = 0. What is the units digit of c?
9
Let l = 36 + -31. Suppose 0*t + 5*v + 713 = 4*t, 379 = 2*t + l*v. What is the tens digit of t?
8
Suppose -2*j + 5918 = y, 77*y = -4*j + 82*y + 11808. What is the units digit of j?
7
Suppose -169 = -11*b + 337. What is the units digit of b?
6
Suppose r = 1, -2*r - 19 = 3*b - 0*b. Let u be (-4)/2 - (6 + b). What is the units digit of (-3)/((u/(-14))/(-1))?
2
Suppose 132*y - 83299 - 9629 = 0. What is the hundreds digit of y?
7
Suppose -2*i = -3*j - 2044, 2*j + 5088 = 4*i + i. What is the tens digit of (i/14 - 2) + 15/35?
7
Let u = 184 + -36. What is the units digit of u?
8
Let h be 1/1 + (-2 + 1 - 0). Suppose k + 2*a = 17, -k + 26 = -h*k + 5*a. What is the tens digit of k?
1
Let l = 238 + 278. Let d = l - 322. What is the tens digit of d?
9
Suppose -4*j = -3*o - 16, -3*o + 2*o + 4 = 0. Suppose y + j*y = 784. What is the units digit of y?
8
Let i = -25 + 50. Let d(f) = -f**3 + 10*f**2 + 4*f - 3. Let n be d(10). Suppose -4*p = j - i, n = 4*p + 2*j - 5*j. What is the units digit of p?
7
Let m = 125 - -55. What is the hundreds digit of m?
1
Suppose p + 9 = 6. What is the tens digit of p + 0*(-4)/12 - -29?
2
Let u(g) = 119*g**3 - 2*g**2 - 4*g + 4. What is the tens digit of u(2)?
4
Let t(j) = -j**3 + 5*j**2 - 3*j. Suppose 4*f + 15 = 5*f. Suppose 5*p = -r - 8 - 15, -p - f = -5*r. What is the units digit of t(r)?
6
Let i(h) = -3*h**3 - 6*h**2 + 3*h - 13. What is the hundreds digit of i(-6)?
4
Suppose 4*a + 6 = 3*f, 2*a - 10 = 5*a - 5*f. Let d be (2 - (1 + a))*-18. Let b = 10 - d. What is the units digit of b?
8
Suppose 76*l - 5*a - 436 = 75*l, 3*l = 5*a + 1278. What is the tens digit of l?
2
Let h be 2*(4 + (-20)/8). Suppose 15 = -0*s - 2*s - 3*j, -5*s = -h*j + 6. What is the units digit of s*(28/(-4) - -4)?
9
Let b be (-5 + 2 + 9)/2. Let f(x) = 3*x**2 - b + 0 + 6*x**2 + 5. What is the units digit of f(-2)?
8
Let j(y) = 61*y**3 - y**2 - y + 2. Let u be j(1). Let h = 120 - u. What is the tens digit of h?
5
Let m(a) = a**3 - 8*a**2 + 4. Let p = -15 + 23. Let v be m(p). Suppose v*n - 1 = 59. What is the tens digit of n?
1
Let t be -5*-2*(-2)/(-10). Suppose 0 = 4*f - 3*q - 133, f - q - 31 = t*q. What is the units digit of f?
4
Suppose 2*n - 1 = g, 2*g = n - 2 + 6. Let o(c) = c**3 - 5*c - 2. What is the units digit of o(g)?
0
Suppose -4*a + 2*j + 185 = 39, -3*j - 3 = 0. Suppose 0 = 3*t + t - 12. Suppose k - a = -t*k. What is the units digit of k?
9
Let n = -60 + 41. What is the hundreds digit of (-782)/(-4) - n/(-38)?
1
Let d = -45 + 47. Suppose -2*n = -l + n + 17, -d*l - 4*n = 6. What is the units digit of l?
5
Let z = -379 - -391. Let y(n) = -5*n - 3. Let m be y(-6). What is the units digit of 669/m - z/(-54)?
5
Suppose -4*j + 7*q = 2*q - 16, -3*q = -12. Let l(t) be the first derivative of t**3/3 - 7*t**2/2 - 5*t - 12. What is the units digit of l(j)?
3
Suppose 2*r + 4*s - 3613 = -r, -2408 = -2*r - 3*s. What is the units digit of r?
7
Let h = 21 + -19. What is the units digit of ((-25)/5 + 127)*h?
4
Let v(f) = 8*f - 2. Let t be v(1). Suppose 2*q = 3*w - 8, 5*w - 18 + t = 4*q. What is the units digit of q?
2
Suppose -5*p - 5*c = -85, -2*p + 2*c + 3 + 27 = 0. Let i = -4 + p. What is the units digit of i*((-5)/(-3) - 1)?
8
Let r be 4/(-14) - 12018/(-21). Suppose -211*d + 207*d + r = 0. What is the hundreds digit of d?
1
Suppose 10*t - 462 = 4*t. Suppose -3*v = -0*v + 5*f - t, 5*f = -v + 9. What is the tens digit of v?
3
Let b(k) = -18*k - 409. What is the hundreds digit of b(-42)?
3
Let b(i) = -3*i + 6. What is the tens digit of b(-5)?
2
Suppose -n = 2*y - 3*n + 132, -n - 210 = 3*y. Let j = y - -79. What is the units digit of j?
0
Let l = 29 + 23. What is the tens digit of l?
5
Let s = -66 - -67. Let h be (-4 + (-9)/(-3))/1. What is the units digit of h/(s - (-204)/(-201))?
7
What is the units digit of (1 - 43176/(-40)) + 2/(-5)?
0
Suppose -7*g = -2*g - q - 2445, 1972 = 4*g - 4*q. Suppose 0 = 3*k - 15, -4*z + 245 + g = k. What is the units digit of z?
2
Let l = -5 + 10. Let q be ((-2)/l)/(3/(-15)). Suppose -3*n + q*p = -30, -2*n + 50 = 3*n + 4*p. What is the tens digit of n?
1
Let a(m) = 4*m**3 - 2*m**2 + m - 2. Suppose 3 = -3*r + 9. Let b be a(r). What is the units digit of (-1)/((-2)/b*1)?
2
Let v = -97 - -99. Suppose -9*n - 350 = -v*q - 4*n, 676 = 4*q + 2*n. What is the units digit of q?
0
Let b = -53 - -56. What is the hundreds digit of (-1)/3 + ((-1670)/(-15) - b)?
1
Suppose -28*r + 31161 = -18119. What is the thousands digit of r?
1
Let k = 9 - 6. Suppose 4*m - 10 = -3*o, 5*m + 1 = k*o - 0*o. Suppose -m + 13 = 4*q. What is the units digit of q?
3
Suppose 4*m - 4 = p + 2, 3*p = -2*m - 4. What is the tens digit of m*83 + (2 + 1 - 2)?
8
Let k = -86 - -89. Suppose -3*s + k*q + 142 = -227, 3*s - 359 = q. What is the units digit of s?
8
Let y be 2/13 + 2840/130. Suppose y = g - 2*o, 4*g = -4*o + 2*o + 38. What is the tens digit of g?
1
Let k(l) = -l**3 - 5*l**2 - 6*l - 6. Let q be k(-4). Suppose -72 = q*g + 2*g - 3*r, 2*g + 36 = 2*r. Let v = 10 - g. What is the tens digit of v?
2
Let m be 4/(-1) - 399/(-21). Suppose 5*h + m = 0, -h - 8 + 5 = 4*s. Let g = 24 + s. What is the tens digit of g?
2
Let z = -6 - -12. Let d be -3*(-1)/z*0. Suppose 66 = -d*c + 4*c - 2*w, 0 = -3*w - 9. What is the units digit of c?
5
Let y = -1 - 2. Let a(v) = -v**3 - 3*v**2 - v + 4. Let z be a(y). Suppose -3*d = -z*d + 40. What is the tens digit of d?
1
Let c be 1 + (-5)/(20/(-16)). Suppose 37 = 5*d + b, 31 - 3 = 5*d + 4*b. Suppose c*f - d*f = -96. What is the tens digit of f?
3
Let c = -217 - -154. Let b = c - -213. Suppose 7*k + b = 12*k. What is the tens digit of k?
3
Let u = -463 - -325. Let m = -46 - u. What is the units digit of m?
2
Suppose 3*q - 5*f = 266, -3*q + 0*q + 3*f + 264 = 0. Let r = q - 48. What is the tens digit of r?
3
Let x = -392 + 230. Let k = -93 - x. What is the units digit of k?
9
Suppose -4*t + 1096 = -0*t + 4*s, -4*t + 1098 = 2*s. What is the hundreds digit of t?
2
Suppose 0 = 114*t - 74*t - 42880. What is the units digit of t?
2
Let x = -1 + -2. Let f = x + 26. What is the units digit of f?
3
Suppose -6*z + 18 = -3*z. Suppose -3*v = 3*r - 105, 4*r - z*v - 154 = -3*v. What is the units digit of r?
7
Let l(w) be the first derivative of -2*w - 13/2*w**2 - 11 + 2/3*w**3. What is the units digit of l(8)?
2
What is the thousands digit of -10 - (-2116 - 10) - -9?
2
Let z be 1*(1 - 1 - -1). Let a = z - 0. Suppose -t = -4*f - 9, 4*f - a = -t - 0*t. What is the units digit of t?
5
Let s(v) = -16*v - 36. What is the units digit of s(-26)?
0
Suppose 1509 = 3*t - 2*r + 293, -5*t - 3*r = -2033. What is the units digit of t?
6
Let k(j) = -5*j**2 - 12 - 2*j**3 - j**2 + 3*j - 22. What is the hundreds digit of k(-6)?
1
Suppose 0 = 4*d - 4*o - 12, -3*d + 11 = d - 5*o. Suppose -4*k - 152 = -4*n, 5*n - 4*n - d*k = 32. What is the tens digit of n?
4
Let s(q) = 2*q + 19. Let z be s(-8). Let f be z + (0/1)/1. Suppose -f*v = 5*m - 125, v + 3*m + 0*m = 43. What is the units digit of v?
0
Let w = -153 + 275. What is the tens digit of w?
2
Let n be 1 - (-3)/(-1) - (-2)/1. What is the tens digit of ((-64)/(-6) - n)/(13/78)?
6
Let f be ((-4)/(-8))/1*32. Let b = f - 29. Let k = 21 + b. What is the units digit of k?
8
Let x be -1*-2*(-3)/(-6). Suppose 3*s = -x - 17. What is the tens digit of (-15)/s*(-68)/(-10)?
1
Suppose -5*z + 4*y + 3064 = -z, -4*y + 2291 = 3*z. Suppose 2*g - z = -7*g. What is the units digit of g?
5
Let j(o) be the second derivative of o**4/12 + 5*o**2/2 + 5*o. Let i be j(0). Suppose 2*a - 42 = -i*a. What is the units digit of a?
6
Let y(v) = v**3 + 5*v**2 - v - 1. Let f be y(-5). Suppose 5*s = 4*q - 1499, -f*q - 5*s + 585 + 884 = 0. Suppose 0*n - 7*n = -q. What is the tens digit of n?
5
Let p = -7 + 9. Suppose p*j + 57 = -0*b - 5*b, -4*b = j + 21. Let r = j + 61. What is the units digit of r?
0
Let g(z) = z**3 - 11*z**2 - 11*z - 15. Let n(t) = 5*t - 13. Let i be n(5). Let b be g(i). What is the tens digit of 35 + b/(3/(-2))?
3
Let v(m) = m**2 + 7*m + 1. Let y be v(-8). Let c(z) = 0*z - 7*z + y + 8*z. What is the units digit of c(4)?
3
Let q = 30 - -42. Suppose -l + 28 + q = -2*y, -2*l = -8. Let x = 68 + y. What is the tens